) = 2*b**2 + 5*b**2 - 4*b + 9*b + 25 - 2*b**2. What is the remainder when w(-3) is divided by 45?
10
Suppose 482*h - 476*h = 228. Calculate the remainder when 2084 is divided by h.
32
Let i(d) be the second derivative of 14*d**3/3 + 2*d**2 + 7*d. Suppose 50*q - 47*q - 30 = 0. Calculate the remainder when i(3) is divided by q.
8
Suppose 16*s + 11 = -4*t + 19*s, 2*s = 3*t + 8. Let n(b) = b**3 + 6*b**2 + 7*b - 1. What is the remainder when 4 is divided by n(t)?
0
Let k = -32 - -90. Let i = -29 + k. Calculate the remainder when i is divided by 10.
9
Let h = -60 - -64. Suppose -z = o + h*o + 7, -o - 5 = -z. Calculate the remainder when o + -1 - 2/((-2)/27) is divided by 14.
10
Suppose 0 = 8*c - c - 42. Calculate the remainder when (-4)/10*(-10 + 0) is divided by -1 + 4 - (-6 + 2 + c).
0
Suppose 516 = 3*h + 2*r, -2*h + 34*r - 31*r + 318 = 0. Calculate the remainder when 826 is divided by h.
154
Suppose -4657 = -107*s - 1875. What is the remainder when 483 is divided by s?
15
Suppose 2*l - 84 = -76. Let j = -35 - -50. Calculate the remainder when (20/(-25) - l/20)*-41 is divided by j.
11
Suppose 0 = 4*j - y - 111 - 21, -5*y = 0. Let l(w) = 4*w + 1. Suppose 5*n - 2*i + 16 = 51, 0 = -5*n + 5*i + 50. What is the remainder when j is divided by l(n)?
12
Let k = 2020 - 1925. Calculate the remainder when 949 is divided by k.
94
Let d(k) = -k**2 + 19. Let z be d(-6). Let f = z - -61. Suppose 3*y + 2*h - 64 = -y, 3*y = -2*h + 48. Calculate the remainder when f is divided by y.
12
Let d(q) = -279*q**2 - 8*q + 8. Let r be d(1). Let a = 461 + r. Calculate the remainder when a is divided by 46.
44
Let q = 5936 + 3510. What is the remainder when q is divided by 11?
8
Let m = 57 - 57. Suppose -3*w - w + 4*a + 136 = 0, m = -2*w + 3*a + 68. Calculate the remainder when w is divided by 16.
2
Let q(o) = -93*o - 4377. What is the remainder when q(-52) is divided by 168?
123
Calculate the remainder when 3009 is divided by (6*(-4)/(-72))/((-1)/(-36) - 0).
9
Let r be (-12)/18 + 4/(-3). Let h be (-6)/21 - r/7. Suppose 4*y - 30 = -q - 0*q, h = 3*q - 6. What is the remainder when 11 is divided by y?
4
Suppose 0 = 385*v - 390*v - 3*s + 670, -4*v + 528 = 4*s. Calculate the remainder when 285 is divided by v.
11
Let g(p) = -p**3 - 13*p**2 - 25*p - 26. Let d be g(-11). Calculate the remainder when 122 is divided by 15*6*d/35.
14
Let d be ((-144)/192)/(((-1)/(-1))/(-92)). Suppose 0 = d*n - 66*n - 141. Suppose 203 - 17 = l. Calculate the remainder when l is divided by n.
45
Let a(k) = 2*k**3 + 67*k**2 - 32*k + 68. Let s be a(-34). Suppose -17*p + 4*p + 5044 = s. Calculate the remainder when p is divided by 56.
52
Let z = 16 - -40. Let x(r) = 22*r - 102. Calculate the remainder when z is divided by x(6).
26
Let x(j) = 5*j**3 - 11*j**2 + 21*j - 64. What is the remainder when x(4) is divided by 14?
10
Suppose -2*g - 5*i + 128 = -763, i + 1294 = 3*g. Calculate the remainder when g is divided by 15.
13
Let v = -59 + 56. What is the remainder when 273 is divided by 34 + (-12 - (v - 3))?
21
Suppose -8 = -j - j, o + 3*j - 56 = 0. Let i = o + -12. What is the remainder when i is divided by 12?
8
Suppose -18 = -12*k + 30. Calculate the remainder when 374 is divided by 654/14 - k/(-14).
45
Suppose 0 = -d - 5*f + 2390, f + 133 = 128. Calculate the remainder when d is divided by 477.
30
Let q = 207 + -102. What is the remainder when ((-10350)/q)/((20/(-28))/5) is divided by 63?
60
Suppose 4*d = 2*o - 172, -o - o - 8 = 0. What is the remainder when 42 is divided by d/(-1)*3/9?
12
Let o(n) = n**3 + 42*n**2 - 83*n + 228. Calculate the remainder when 10 is divided by o(-44).
2
Suppose -4*y + 0*u + 143 = -3*u, 4*u = 2*y - 64. Let c = y + -6. Let p = 120 + -59. What is the remainder when p is divided by c?
29
Let m(c) = 4*c - 1. Let j(r) = 33 + 17 + 21*r - 29 + 24 + 8. Calculate the remainder when j(0) is divided by m(2).
4
Let b(d) = 3*d**2 - 311*d + 2305. Let x = -113 - -173. What is the remainder when x is divided by b(8)?
6
Let m = -5441 + 5461. Calculate the remainder when 11119 is divided by m.
19
Suppose 18*c - 33*c + 18034 = 56*c. Calculate the remainder when c is divided by 251.
3
Suppose 0 = 5*q - 35 - 0. Suppose -4*w + 68 = -8*s + q*s, -5*w = -4*s - 85. Suppose -2*n + 49 = -n. Calculate the remainder when n is divided by w.
15
Calculate the remainder when (190/(-8))/(355/(-5112)) is divided by 85.
2
Suppose -289*c = -142*c - 120*c - 2403. What is the remainder when 721 is divided by c?
9
Suppose -4*p - 4*p = -528. Suppose w = 5*a - 165, 2*a - p = -2*w - w. Calculate the remainder when (-122)/(-1) - 1*-4 is divided by a.
27
Let r(g) = -g**3 + 18*g**2 + g - 20. Let c be r(18). Let o(d) = -3*d**3 + 7*d + 2. Calculate the remainder when 299 is divided by o(c).
11
Let j be (116/6)/(-6 - (-17)/3). Let r = j + 62. Calculate the remainder when (-52)/(-3)*(-3)/(-2) is divided by r.
2
Suppose -82*h + 2913 + 14235 = -810. Calculate the remainder when h is divided by 84.
51
Let f = -477 - -179. Let k = f - -442. Calculate the remainder when k is divided by 44.
12
Let m be 31 + 11/(11/4). Suppose -2*i + m = -9. Calculate the remainder when 42 is divided by i.
20
Let y = -31 - -16. Let j = 20 + y. Suppose 0*l + 984 = j*l + 2*z, 4*l + 3*z = 783. Calculate the remainder when l is divided by 50.
48
Suppose 2*n + 5 = 13. What is the remainder when ((-445)/(-5) + -2)/(6/n) is divided by 10?
8
Suppose 2*w - w = 151. Suppose 85*p - 7223 = -763. Calculate the remainder when w is divided by p.
75
Let o(m) = -31*m - 1. Let g be o(4). Suppose 2637 = 11*t - 25. Let j = t + g. What is the remainder when j is divided by 24?
21
Let r(g) = 35*g - 59. Suppose -4*d + 2 = -3*x, -2*d = x + 3*d + 7. Calculate the remainder when r(4) is divided by (-4 + (-132)/8)*x.
40
Suppose -14*n - 2640 = -26*n. Suppose 4*z - 3*z - 5*d - 97 = 0, -3*d = 2*z - n. Calculate the remainder when z is divided by 28.
23
What is the remainder when 2231 is divided by 8*7*-24*18/(-216)?
103
Let w(u) = -14*u**3 - u**2 + 3*u + 2. Let o be w(-2). Let s = o - 94. Calculate the remainder when s is divided by 4.
2
Suppose 20*r - 8*r - 3560 + 464 = 0. What is the remainder when r is divided by 23?
5
Suppose -233*m + 231*m + 142 = 0. What is the remainder when (10 - 34)*(-106)/4 is divided by m?
68
Let d = 43 + -33. Suppose -4*a = 4*m - 203 + 67, -4*a - 2*m + 142 = 0. Let f = d + a. Calculate the remainder when f is divided by 13.
8
Let x(f) = 1047*f + 58874. Suppose -3*r + 4*s = -4*r + 35, 2*r - 4*s = 70. What is the remainder when x(-56) is divided by r?
32
Suppose -4*b + 28 = 0, -5*h = -2*b - b - 619. Calculate the remainder when 2402 is divided by h.
98
Suppose 3*o = -4*g - 61, 5*g = -o - 1 - 12. Let h = o - -31. Let a(q) = q**2 - 5*q + 23. Calculate the remainder when a(7) is divided by h.
5
Let x(n) = 41*n**2 - 7*n + 1. Calculate the remainder when x(3) is divided by 1/(-4)*200/(-1).
49
Suppose -38 = -2*n - 10. Suppose 0 = 39*r - 30*r. Suppose -6*x - 5*x + 484 = r. Calculate the remainder when x is divided by n.
2
Suppose -4*h = 3*z - 7*h - 969, -4*z + 3*h + 1286 = 0. What is the remainder when z is divided by 154?
9
Suppose 49*s = 39*s + 80. Suppose 52*v = 24*v + 2548. Calculate the remainder when v is divided by s.
3
Let r(l) = l**2 + 4*l - 69. Let k = -4 + 14. What is the remainder when r(k) is divided by 37?
34
Let m be ((-64608)/64)/(3/(-2)). Let t = m + -658. Let k(b) = 9*b - 3. Calculate the remainder when k(3) is divided by t.
9
Let j(s) = -s**2 - 10*s + 131. Calculate the remainder when 175 is divided by j(-13).
83
Let w = 13143 + -12904. What is the remainder when 545 is divided by w?
67
Suppose -2*g = g - 48. Suppose -4*q = -5*j + 386, 0 = 6*j - 2*j - 3*q - 308. Let z = j - 19. Calculate the remainder when z is divided by g.
7
Let a be 1 - (7 + -979 + (-4 - -4)). Let y = a + -933. Calculate the remainder when y is divided by 30.
10
Let m(r) be the third derivative of r**4/24 + 15*r**3/2 + 26*r**2. Calculate the remainder when 45 is divided by m(-5).
5
Let t be 4 - -3 - (-6)/(-2). Let h be 2/t + (-588)/(-24). Let g = -22 + h. Calculate the remainder when 15 is divided by g.
0
Let r = -211 - -211. Suppose -2*z = -6*z + 8, r = 5*q - z - 83. Calculate the remainder when 132 is divided by q.
13
Let i be 10/(-7) + 1 - 303/(-21). Let g be (-1